) be the second derivative of -3*y**8/2240 - y**7/1260 + y**5/120 - 7*y**4/6 + 69*y. Let k(a) be the third derivative of p(a). Calculate k(1).
-10
Let b(w) = w + 3. Suppose j = 22 + 48. Let l be ((-4)/(-10))/(28/j). Suppose 5*m + 60 = -5*s, 0 = -4*s + 4*m - 15 - l. What is b(s)?
-5
Let n(j) be the first derivative of 7 + 4*j + 2*j**3 + 7/2*j**2 - 1/4*j**4. Calculate n(7).
4
Let x(b) = 7*b**2 + 36*b + 12. Suppose -w - 6 = -t, -15*w + 19 = -19*w - t. Calculate x(w).
7
Suppose -5*a - 14 = 6. Let c(r) = -3879*r - 5. Let p(v) = 705*v + 1. Let u(h) = 2*c(h) + 11*p(h). What is u(a)?
13
Let n(c) = -3*c**2 + 8*c + 163. Let m be n(9). Let v(a) = -a**3 - 6*a**2 + 11*a - 29. What is v(m)?
11
Let h(v) = -v - 3. Suppose 12*k - 123 = 45. Suppose -k*o + 5*o = -45. What is h(o)?
-8
Let f(q) = -q + 17. Let y be f(9). Suppose -12 = -5*v + y. Let g(u) = 6 - 77*u + 164*u - 1 - 91*u + 1 + 5*u**2 - u**3. What is g(v)?
6
Let b(j) = -3*j + 1. Suppose 3*n = -r - 6 + 130, 4*n - r = 163. Let l(t) = t**3 - 3 - n*t + 47*t - 4 + 6*t**2. Let d be l(-4). Give b(d).
-2
Let p(x) = -7*x**2 + 3*x + 1. Let l(o) = 20*o**2 - 8*o - 3. Let i(g) = 3*l(g) + 8*p(g). Let m = -25 - -35. Suppose 7*j = m*j + 3. What is i(j)?
3
Let u(w) = w**2 - 7*w - 1. Let p(h) = -4 - 3*h**2 + h + 4*h**3 - h**2 + 2*h**3 - 7*h**3. Let v be p(-4). Let d be (v - -2)/(6/(-4)). Determine u(d).
-13
Suppose -497 + 447 = -5*c. Suppose 3*q - 5*z + 26 = 0, 5*z = 9*q - c*q - 2. Let b(o) be the third derivative of o**4/12 + 2*o**3/3 + 4*o**2. Give b(q).
-10
Let n(h) = 1311*h - 434*h - 437*h + 15 - 439*h. What is n(-25)?
-10
Let k(g) = -5*g + 1. Let l be k(0). Suppose -5*b + h - 40 = 0, -5*h = -l + 26. Let f(u) = u**3 + 8*u**2 - 11*u - 12. Give f(b).
6
Let p(w) = -3 - 5 + 38757*w - 38752*w + 1. Give p(-3).
-22
Let y(c) be the first derivative of -c**3/3 + 13*c**2 + 30*c - 9207. Give y(0).
30
Let g(t) = -1. Let f(j) = 1. Let p(b) = 11*b + 4. Let n(u) = -f(u) + p(u). Let o = 2 + -1. Let s(q) = o*n(q) + 3*g(q). What is s(1)?
11
Let u(v) = v + 10. Let s be ((-2)/(8/506))/(135/270). Let d = s - -246. Calculate u(d).
3
Suppose 0 = 42*h - 242*h - 1200. Let z(y) = -2*y**2 - 4*y + 15. Calculate z(h).
-33
Suppose -3*g - 2295 = t, -544 = 4*g - 4*t + 2516. Let x be ((-4)/(-6))/(85/g). Let r(i) = -i**2 - 4*i + 2. Calculate r(x).
-10
Suppose -40*u = -39*u - 5. Let m(z) = -4*z + 91*z**2 - 5*z - 90*z**2 - u. Determine m(10).
5
Let l(g) = g**3 + 2*g**2 - 2*g + 1. Suppose 0 = 3*w - 17 - 19. Suppose 0 = -5*o + u - 6, -2*o = 5*u - 3*u + w. Determine l(o).
5
Suppose 4*n = -8*x + 3*x - 9, n + 4*x = -16. Suppose 11 = 4*b - n*y - 53, 3*y + 22 = b. Let j(u) = 8 + 12*u**2 - u - b*u**2 - 9. Determine j(0).
-1
Suppose -4*k = -92 + 64. Suppose k*l = 29*l. Let o(n) = n**2 + 2*n - 8. Calculate o(l).
-8
Let y(w) = 19*w + 27*w + 2*w + 3*w**2 - 19*w - 144 + 36*w. Let b(a) = a**2 + 22*a - 49. Let l(x) = 8*b(x) - 3*y(x). Give l(-21).
-2
Suppose -769 = 8*b - 217. Let k = b + 64. Let r(m) = m + 3. Let c(h) = 4*h + 11. Let f(z) = 2*c(z) - 9*r(z). Calculate f(k).
0
Suppose -3*v = 4*a - 205, 4*v + 0*v - 240 = 3*a. Let f = v + -18. Let q = -37 + f. Let b(s) = s - 10. Determine b(q).
-2
Let x(o) = -o**2 + 6*o + 6. Suppose -5*h + h - 135 = 3*v, 0 = 5*v + 25. Let a = 46 + h. Let j = a + -10. What is x(j)?
6
Let o(c) = -c**2 + 7*c + 14. Let t be o(7). Let l(h) = 9*h + 7 - t*h + 2*h. Suppose 3*s = -5*n + 13, 2*n - 2*s - 33 = -3*n. Calculate l(n).
-8
Let p(g) = -82 + g**3 + 11*g + 15*g + 15*g**2 + 99 - 9*g. Give p(-14).
-25
Let r(w) be the first derivative of 5*w**2 + w + 2092. Let z(x) = -x + 4. Let k be z(6). Determine r(k).
-19
Let g(m) = -3*m**2 + 19*m + 17. Let k(j) = -j**2 + 6*j + 6. Let b(s) = -4*g(s) + 11*k(s). Let x = -197 + 208. What is b(x)?
9
Let c(v) be the first derivative of -v**5/60 - v**4/24 + v**3/3 + 63*v**2 - 172. Let x(k) be the second derivative of c(k). What is x(2)?
-4
Let p(q) = 4 - 4 - 6*q + 4*q. Let j(l) = -l**3 - 18*l**2 + 49*l - 860. Let i be j(-22). What is p(i)?
4
Let t(w) = 3*w**2 - 12*w + 12. Let k be (-410)/41*5/(-50). Calculate t(k).
3
Let x(r) = -3*r**3 - 3*r**2 + 6*r - 8. Let j(a) = a**3 - a**2. Let h(o) = o - 8. Let p be h(7). Let y(l) = p*x(l) - 4*j(l). Determine y(6).
8
Let z(l) = l**3 - 10*l**2 + 8*l + 12. Let i be z(9). Let d(k) = 3 + i + k**2 + 29*k - 4 - 15*k - 13*k. Determine d(3).
14
Let j(t) = -5*t + 3 + 11*t - 8 - 19 - 23. Give j(6).
-11
Let d(k) be the third derivative of -k**5/60 + 7*k**4/24 - k**3 - k**2. Suppose 365 = -2*z + s, 5*z - 2*s - 2*s + 905 = 0. Let o = 189 + z. What is d(o)?
6
Let o(x) = -10*x**2 - x + 4. Suppose -6*g = -166739 + 166751. What is o(g)?
-34
Suppose 2*y + 3 + 21 = 0. Let p(d) = 30*d + 753. Let j(a) = 11*a + 275. Let n(f) = -11*j(f) + 4*p(f). What is n(y)?
-1
Let q(t) = t**2 - 18*t - 142. Let a be q(24). Let j(k) = 6 - a + 80*k**2 - 81*k**2. Calculate j(0).
4
Let q(n) be the third derivative of n**5/60 - n**4/3 + 11*n**3/6 + 1075*n**2. Calculate q(5).
-4
Let b(z) = 3*z - 3. Suppose c + 30 = 4*c. Let f(i) = -i**3 - 1 - 6 - 6 + 12*i - 1 + c*i**2. Let g be f(11). Calculate b(g).
-12
Let f(j) be the second derivative of 5*j**3/3 + 12*j**2 - j + 2071. Determine f(-5).
-26
Let z = -25 - -89. Let g(u) = 131*u**2 - 66*u**2 - z*u**2. Let o(t) = -t**3 + 11*t**2 + t - 10. Let f be o(11). Give g(f).
1
Let q(a) = -20*a**3 + 4*a**2 - 5*a - 7. Let g(b) = 24*b**3 - 5*b**2 + 6*b + 11. Let p(r) = 2*g(r) + 3*q(r). What is p(1)?
-12
Let w(b) = -12*b - 7 + 56*b**2 - 101*b**2 + 54*b**2 - b**3 - 2*b - 1. What is w(7)?
-8
Let r(k) = -57*k**2 - 4*k - 4. Let o(l) = -38*l**2 - 3*l - 3. Let t(u) = -7*o(u) + 5*r(u). Let i be (-10)/14 + (-174)/21 + (57 - 49). What is t(i)?
-19
Let b(i) be the third derivative of i**8/20160 + i**7/840 + i**6/180 - i**5/60 - 2*i**4/3 + 81*i**2. Let p(l) be the third derivative of b(l). What is p(-5)?
-1
Let o(t) = -2*t + 6. Let n be o(3). Let v(w) = 3*w + 6. Let r(l) = -2*l. Let m(g) = -g**2 + 8*g - 14. Let a be m(3). Let d(y) = a*v(y) + 2*r(y). Give d(n).
6
Let k(t) = 5*t**3 + 18*t**2 + 18*t - 14. Let b(a) = a**3 + 2*a**2 + 4*a - 1. Let m(f) = 4*b(f) - k(f). Give m(-9).
-53
Let a(n) = 20*n**2 + 3*n + 14. Let z(q) = 47*q**2 + 6*q + 30. Let m(u) = 7*a(u) - 3*z(u). Determine m(5).
-2
Let v(y) = -y + 4*y - y**2 + 7 - 12*y. Let u(o) = 384*o + 1912. Let z be u(-5). What is v(z)?
15
Let d(t) = -t**3 - 13*t**2 + 11*t - 23. Let i(o) = o**3 - 6*o**2 - 26*o + 66. Let k be i(8). Calculate d(k).
19
Let d(l) be the third derivative of -5/3*l**3 + 0*l - 155*l**2 - 1/60*l**5 + 0 + 1/24*l**4. What is d(0)?
-10
Let b(d) = 262048 + 2*d - 262051 + d. Give b(2).
3
Let s(y) be the first derivative of -y**5/60 - y**4/2 - 4*y**3/3 + 33*y**2 - 8. Let i(x) be the second derivative of s(x). Determine i(-9).
19
Let v(q) = 12*q + 23. Let n be (7 - 78/15)*-5 - -2. Give v(n).
-61
Let i = 28452 + -28448. Let p(l) = 13*l - 14. Calculate p(i).
38
Let t = -6841/2 + 3424. Let h(g) be the first derivative of 12*g - 1/3*g**3 - t*g**2 - 2. Calculate h(-9).
-6
Let r(f) = f**2 + 8*f + 10. Let x(v) = -v**3 - 6*v**2 - 6*v + 2. Let g be x(-3). Let z be r(g). Let m(l) = z*l + l**2 - 5 - l + 2*l. What is m(-5)?
0
Let f = 307 - 289. Suppose -3 = -3*o - f, 3*o = -v - 10. Let z(d) = -d - 8. Determine z(v).
-13
Let p(i) be the second derivative of -3/2*i**2 - 1/12*i**4 + 0 - 2*i - 5/6*i**3. Let u(g) = 179*g + 75891. Let h be u(-424). Calculate p(h).
-3
Let d(l) = -19*l + 4. Let b(a) = 5 + 8 - 56*a - 2. Let j(g) = -3*b(g) + 8*d(g). Suppose 2*o = 56*o + 54. What is j(o)?
-17
Let n(c) be the second derivative of -c**3/6 - 3*c**2/2 + 1178*c. Let o be 7 - (-7)/((-21)/(-6)). Let d = o + -9. Give n(d).
-3
Let g(s) = -s - 1. Let m(a) = -98*a - 63. Let x(n) = -273*g(n) + 3*m(n). What is x(4)?
0
Suppose -2*f + 15 = 3. Let q(b) = -6*b**2 + 7. Let w(p) = 7*p**2 + p - 8. Let l be (1 - 0) + (-200)/(-50). Let i(v) = f*q(v) + l*w(v). Calculate i(6).
-4
Let c(j) be the second derivative of j**6/120 + 11*j**5/60 + 5*j**4/12 + j**3/3 - 21*j**2/2 - 52*j. Let q(y) be the first derivative of c(y). Calculate q(-10).
2
Let k(n) = -7*n**3 - 19*n**2 - 13*n - 3. Let b(z) = -z**3 - 4*z**2 - 2*z. Let q(v) = -6*b(v) + k(v). Let x be (2 + -1)/(4/20). Give q(x).
-8
Let j be 8/36 + (-61)/(-9). Suppose y - 3*f = 2*y - 10, -j = -y - 2*f. Let n(g) be the second derivati